972 and 28?
4
Calculate the highest common divisor of 388010 and 1771.
161
What is the greatest common factor of 8 and 317336?
8
Calculate the highest common divisor of 310311 and 54.
27
What is the greatest common factor of 4212 and 3913?
13
What is the greatest common divisor of 1338000 and 446?
446
Calculate the greatest common factor of 448 and 30304.
32
What is the highest common factor of 412 and 8446?
206
What is the highest common factor of 338303 and 434?
217
Calculate the highest common divisor of 1135277 and 663.
221
What is the highest common factor of 5452 and 3431?
47
What is the highest common factor of 180708 and 660?
132
What is the greatest common factor of 2114138 and 26?
26
Calculate the highest common divisor of 30915 and 135.
135
Calculate the greatest common factor of 20712 and 48.
24
Calculate the highest common factor of 994 and 44446.
142
Calculate the highest common factor of 2695 and 26705.
245
What is the highest common divisor of 918853 and 13?
13
What is the highest common factor of 58788 and 69?
69
Calculate the greatest common divisor of 900 and 3422700.
900
What is the greatest common divisor of 95 and 173869?
19
Calculate the highest common divisor of 408 and 4624.
136
What is the greatest common divisor of 77 and 49401?
11
What is the highest common factor of 182877 and 2679?
141
Calculate the highest common factor of 74817 and 4075.
163
What is the greatest common divisor of 11803 and 417252?
319
What is the greatest common factor of 25 and 275075?
25
Calculate the greatest common factor of 4270 and 47458.
122
Calculate the greatest common divisor of 2754 and 10608.
102
Calculate the highest common divisor of 26 and 655.
1
Calculate the highest common factor of 66056 and 2760.
184
Calculate the greatest common divisor of 2208 and 8192.
32
Calculate the highest common divisor of 40 and 8760.
40
Calculate the greatest common factor of 3 and 6827.
1
What is the greatest common divisor of 284445 and 258?
129
What is the greatest common divisor of 612 and 128724?
204
Calculate the greatest common factor of 412857 and 486.
243
Calculate the highest common divisor of 11191 and 5115.
31
What is the highest common divisor of 391 and 80155?
391
Calculate the greatest common factor of 17556 and 420.
84
What is the greatest common factor of 1213030 and 13?
13
What is the greatest common factor of 940 and 30460?
20
Calculate the highest common divisor of 476836 and 292.
292
What is the highest common factor of 35541 and 9?
9
Calculate the highest common factor of 1853663 and 259.
259
Calculate the greatest common divisor of 36 and 1039806.
18
What is the highest common divisor of 131460 and 140?
140
What is the highest common divisor of 7409 and 355871?
239
What is the highest common factor of 266 and 136762?
38
Calculate the greatest common factor of 63787 and 281.
281
Calculate the highest common factor of 6440 and 40572.
644
Calculate the greatest common divisor of 4618584 and 184.
184
What is the highest common divisor of 371 and 707?
7
Calculate the highest common factor of 13231 and 14017.
131
What is the greatest common divisor of 81270 and 1134?
378
Calculate the highest common divisor of 12 and 76964.
4
Calculate the highest common divisor of 158 and 90929.
79
What is the highest common divisor of 307 and 105301?
307
Calculate the highest common factor of 122 and 252479.
61
What is the highest common factor of 747960 and 17664?
552
Calculate the highest common divisor of 90 and 107490.
30
What is the greatest common factor of 136 and 5457?
17
What is the greatest common factor of 101 and 421?
1
What is the greatest common divisor of 59628 and 36?
12
What is the highest common factor of 8930 and 16638?
94
What is the greatest common divisor of 37917 and 2783?
11
What is the highest common divisor of 474 and 49928?
158
What is the greatest common divisor of 83 and 384871?
83
What is the greatest common factor of 2645601 and 1113?
1113
Calculate the greatest common factor of 247 and 1703.
13
What is the greatest common factor of 924 and 177639?
231
What is the highest common divisor of 4020 and 348?
12
What is the highest common factor of 1620 and 345276?
108
What is the highest common divisor of 3612 and 9492?
84
Calculate the greatest common divisor of 176 and 27500.
44
What is the greatest common factor of 6340 and 810?
10
Calculate the greatest common divisor of 2822 and 11122.
166
Calculate the greatest common divisor of 67792 and 112.
16
Calculate the highest common divisor of 236480 and 10.
10
Calculate the highest common divisor of 21980 and 15.
5
Calculate the greatest common factor of 52 and 177556.
4
What is the highest common factor of 198 and 3870?
18
What is the greatest common divisor of 8758 and 29596?
302
Calculate the greatest common factor of 52740 and 40.
20
Calculate the greatest common factor of 51403 and 22.
11
Calculate the greatest common divisor of 984156 and 24.
12
What is the greatest common factor of 368 and 2263568?
368
Calculate the greatest common divisor of 170 and 100810.
170
Calculate the highest common divisor of 165 and 14762.
11
Calculate the highest common factor of 331 and 3889.
1
Calculate the highest common factor of 863316 and 72.
36
Calculate the highest common divisor of 56 and 21868.
28
Calculate the greatest common factor of 11016 and 11178.
162
Calculate the highest common factor of 3339 and 55881.
63
What is the greatest common factor of 15 and 83?
1
Calculate the greatest common divisor of 55406 and 130.
26
Calculate the greatest common factor of 14789 and 4255.
23
What is the greatest common factor of 44 and 14542?
22
What is the highest common factor of 1240092 and 228?
228
Calculate the highest common divisor of 2054 and 33496.
158
Calculate the highest common divisor of 109136 and 80.
16
What is the greatest common divisor of 977370 and 60?
30
What is the greatest common factor of 361222 and 54486?
2018
What is the greatest common divisor of 159 and 30471?
3
What is the greatest common divisor of 20350 and 58850?
550
What is the highest common divisor of 3423 and 63?
21
What is the highest common divisor of 58128 and 1113?
21
What is the highest common divisor of 55 and 38016?
11
Calculate the greatest common factor of 13 and 13845.
13
Calculate the greatest common factor of 2449498 and 394.
394
Calculate the highest common factor of 2295 and 112404.
51
Calculate the highest common factor of 7130 and 744.
62
Calculate the greatest common divisor of 4042 and 117562.
86
What is the greatest common factor of 385660 and 660?
220
Calculate the greatest common factor of 45 and 103482.
9
What is the highest common divisor of 3059 and 35?
7
Calculate the greatest common divisor of 606 and 2004.
6
Calculate the greatest common factor of 20916 and 756.
252
What is the highest common factor of 14440 and 2820?
20
What is the greatest common factor of 6 and 58?
2
Calculate the greatest common factor of 412401 and 132.
33
What is the greatest common factor of 6792 and 18312?
24
Calculate the greatest common factor of 16207 and 285.
19
What is the highest common divisor of 6496 and 221096?
232
Calculate the highest common divisor of 54 and 447.
3
Calculate the greatest common divisor of 51144 and 480.
24
What is the highest common divisor of 152 and 2956?
4
Calculate the highest common factor of 35849 and 33.
11
What is the greatest common factor of 20907 and 9936?
207
What is the greatest common divisor of 46295 and 235?
235
What is the greatest common factor of 8722 and 147?
49
Calculate the highest common factor of 1915 and 892007.
383
Calculate the highest common factor of 1591 and 4144.
37
Calculate the greatest common factor of 8343 and 376980.
309
What is the greatest common divisor of 21440 and 61760?
320
What is the greatest common factor of 711 and 202240?
79
What is the greatest common factor of 1011361 and 286?
13
What is the greatest common divisor of 390 and 1827735?
195
Calculate the greatest common factor of 246 and 510.
6
What is the highest common divisor of 490 and 285915?
245
Calculate the highest common factor of 23888 and 368.
16
What is the greatest common factor of 3391424 and 76?
76
What is the highest common factor of 3386796 and 14?
14
What is 